 p + 3*p - 71. What is the units digit of r?
5
Let r be 31/11 + (-6)/(-33). Suppose 0 = -8*a + 3*a + r*t + 45, -3*a = -5*t - 43. Suppose -a = -3*s + 2*s. What is the units digit of s?
6
Suppose 5*j - j = 236. What is the tens digit of j?
5
Let a = -3 - 2. Let g(q) be the second derivative of -q**3/2 + q**2/2 + 5*q. What is the tens digit of g(a)?
1
Let n = -2 + 6. Suppose -7*j + n*j + 45 = 0. What is the units digit of j?
5
Suppose 4*p - 6 = i, 5*i = -2*p - 3*p + 20. Suppose -p*z = -2*d + z + 4, -2*d + 20 = 5*z. What is the units digit of d?
5
What is the units digit of 30/105 - (-2068)/14?
8
Let m = 223 + -139. What is the units digit of m?
4
Suppose 0*f = 4*f. Suppose 3*m + 17 = o - f, -o - 5*m = 7. What is the units digit of o?
8
Suppose 5*d = -3*t + 1176, 0 = 4*d - t - 699 - 252. What is the tens digit of d?
3
Let j = 1 - -6. Let d be 8/28 - (-12)/j. Suppose i = 3*a - 18, 0 = -d*a - 3*i - 0 + 1. What is the units digit of a?
5
Let f = 30 - 10. Suppose 4*p - a = -3*a - 16, -f = 4*p + 4*a. What is the units digit of (-9)/p + -2 + 1?
2
Let t = 0 + -8. Let c = -7 - t. What is the units digit of c?
1
Suppose 0 = 5*l + 13 - 118. Suppose -3*c + l = -0. Suppose 5*d = -5*x + 15, 3*x - c*x + 17 = 5*d. What is the units digit of d?
5
Let j = 20 + -6. Suppose j = c - 0*c. What is the units digit of c?
4
Suppose -3*m - 4*h = -91, 0 = 5*m - 4*h + 66 - 271. What is the units digit of (3 + -1)*m/2?
7
Suppose 20 = -8*r + 3*r. Let a be 106/(-8) - 1/r. Let q = 20 + a. What is the units digit of q?
7
Suppose -3*m + 4 = -0*q + q, -5*q + 4*m + 20 = 0. Suppose 4*h - 42 = -3*x + x, -3*h + 37 = -q*x. Let f = h + -6. What is the units digit of f?
5
Let i(n) = -5*n**3 - 4*n**2 - 6*n - 4. What is the units digit of i(-2)?
2
Let g(h) = 21*h + 31. Let o(b) = 11*b + 16. Let x(u) = 4*g(u) - 7*o(u). What is the units digit of x(4)?
0
Suppose 1 - 5 = -2*p. Suppose p*g - 72 = -2*q - 14, 5*q = 5*g + 185. What is the tens digit of q?
3
Let d = -14 + 20. Suppose 0 = 2*p - d*p + 60. What is the tens digit of p?
1
Let x = -7 + 3. Let t(h) = -2*h**2 + 2*h + 1. Let k be t(3). Let j = x - k. What is the units digit of j?
7
Suppose o + 94 = 185. What is the units digit of o?
1
Suppose -a + 4*a - 108 = 0. What is the tens digit of a?
3
Let k be -3*2 + 3 - -13. Suppose k = -0*a + a. What is the tens digit of a?
1
Suppose 0 = -10*b + 12*b - 30. Let x be (-186)/9*(-3)/2. Let t = x - b. What is the units digit of t?
6
Let q(h) = h + 13. Let m be q(-10). Suppose 4*k - 3*l = -5, 5*k + 10 = 4*l + m. Let y = 0 + k. What is the units digit of y?
1
Let a(o) = o**2 - o + 5. What is the units digit of a(3)?
1
Let w(l) = 5 - 4*l + 5*l + 3*l - 6. Let g be 2*(1 + (-1)/(-2)). What is the tens digit of w(g)?
1
Suppose 4*v - 41 = o - 6*o, -2*o = 3*v - 22. Suppose 0 = -w + v - 1. Suppose 0*n - n - 5*f - w = 0, 2*f = -n + 6. What is the units digit of n?
2
Let k = 4 - 9. Let s = k - -5. What is the units digit of 4 + (-2 - 0) + s?
2
Let k(x) = x**3 + 7*x**2 + x + 10. Let p be k(-7). Let i be (-6)/8 - p/(-4). Suppose 5*t = 2*s - 52, 5*s - t - 84 = -i*t. What is the units digit of s?
6
Let x be (-28)/(-12) - 4/(-6). Suppose -x*f + 24 - 9 = 0. Suppose -40 = -f*i - 0*a + 5*a, 0 = -4*a - 20. What is the units digit of i?
3
Let z = 4 + -4. Let i be (-1 - z)/(1/(-2)). What is the units digit of -1 + (2 - -7 - i)?
6
Let g(m) = 2 - 1 - 3*m + 4*m. Let y be g(1). Suppose -d = -4 + y. What is the units digit of d?
2
Let d be -6*(-2 + (-4)/(-3)). Suppose v + 10 = -f, -f + v - 34 = -d*v. What is the units digit of ((-12)/f)/(2/14)?
6
Suppose 3*p + 4*i - 91 + 9 = 0, 5*i = 4*p - 99. What is the tens digit of p?
2
Suppose -3*s + 347 + 91 = w, 3*w + 571 = 4*s. What is the hundreds digit of s?
1
Let i = 14 - 16. What is the units digit of -1*(i + 2 - 50)?
0
Suppose -5*t - 2*b + 127 = 0, -4*t + 6*b - 5*b = -99. What is the units digit of t?
5
Let k(s) = 2*s - 5. Let j be k(5). Suppose h = -0*h - j. Let z(x) = -x + 2. What is the units digit of z(h)?
7
Suppose 2*d + 272 = -2*d. Let p = d - -101. What is the tens digit of p?
3
Suppose 5*k + 4*o - 486 = -0*o, 5*o = -2*k + 208. What is the units digit of k?
4
Let g = 71 + -13. What is the tens digit of g?
5
What is the tens digit of (-66)/(-2)*56/6?
0
Suppose -s + 4*s = 6. Suppose -3*n + p = -3*p - 22, 3*n = -s*p + 52. What is the tens digit of n?
1
Let p(m) = 3*m - 1. Let f be p(3). Suppose 5*z + f*n - 18 = 4*n, -6 = 2*n. What is the units digit of z?
6
Let b be (8/(-14))/(12/(-42)). Let n(t) = -t - 3. Let c be n(-3). Let w = b - c. What is the units digit of w?
2
Let h(v) = 6*v + 3. What is the tens digit of h(6)?
3
Suppose -2*q = 3*n - 6*n + 8, 0 = -4*n + 3*q + 10. Suppose 3*t + n - 10 = 0. What is the units digit of (2 + t)*(-6)/(-8)?
3
Let o be (3 + -1 - 2) + -2. Let t be 2 + (-1 - o) - -2. Suppose -t*g - 3*h + 6 + 26 = 0, 29 = 4*g - h. What is the units digit of g?
7
Suppose -h + 2*h - 8 = -n, -5*n = 4*h - 37. Suppose h*u - u = 80. What is the units digit of u/6 - (-1)/3?
7
Suppose 0 = 4*p - 4*g - 292, -5*g = -5*p - 3*g + 371. What is the tens digit of p?
7
Let p be 13/52 - 390/(-8). Suppose -8*b + 80 = 5*n - 3*b, 4*n = -b + p. What is the units digit of n?
1
Let n = 185 - 97. What is the units digit of n?
8
Let m(r) = 2*r - 3. Let l be m(3). Let t = 7 - l. Suppose -5*n - z = 0, 19 = -t*z - 1. What is the units digit of n?
1
Let o be 2/4 - (-25)/(-2). Let w = o - 16. Let h = w + 49. What is the units digit of h?
1
Suppose -3*a - a + 40 = 0. Suppose 2*b - a = -2*q - b, -5*q - 5*b + 25 = 0. Suppose q*z - 15 = 2*z, 5*n - z = 40. What is the units digit of n?
9
Let o(z) = z**3 - 8*z**2 + 8*z + 9. Let f be o(7). Suppose 2*m - 5*g = 7 + f, 64 = 4*m - 4*g. What is the units digit of m?
9
Let j be (-5)/(-15)*(14 - -1). Suppose -j*h + 15 = -110. What is the units digit of h?
5
What is the units digit of (39/2)/((15/8)/5)?
2
Let n = -22 + 4. Let m be (-2)/(-1) - (n + 0). Suppose 3*i + i = m. What is the units digit of i?
5
Let i(k) = -9*k + 4. Let l be i(3). Let m = -32 - -29. Let q = m - l. What is the tens digit of q?
2
Let z be (-2 - (-4)/2) + 21. Suppose g + l - 11 = 0, g + 2*g - z = 3*l. What is the units digit of g?
9
Let v = 4 - 4. Suppose v*j - 2*j - 20 = 0. What is the units digit of (8/j)/((-4)/30)?
6
Suppose 13*l = 16*l - 9. What is the units digit of l?
3
Suppose 312 = -5*v - 2*o, -2*o + 49 = -v - 11. Let s = -43 - v. What is the units digit of s?
9
Suppose -15 = -4*l - 3. What is the tens digit of 1/(l/51) - 2?
1
Let f = 53 + -18. What is the tens digit of f?
3
Let f(d) = -d + 3. Suppose -3 = 2*w + 4*u - 11, 2*u = 4*w + 24. Let y be f(w). Suppose -3*m - j = -y, 2*m - 2*j - 3*j = 16. What is the units digit of m?
3
Suppose -2*v + 4 = -0. Suppose v*j - 18 = -3*w, -j = 2*w - 6 - 5. What is the units digit of ((-9)/w)/(6/(-16))?
6
Suppose -13 = -5*g - 3, -3*z - 5*g + 25 = 0. Suppose 0 = -2*v + 3*v - z. Suppose -2*m + 3*m + 15 = v*c, -4*c = 3*m - 12. What is the units digit of c?
3
Suppose v - 132 = -3*v. Suppose -4*q + q = v. Let i = q - -20. What is the units digit of i?
9
Let g(a) = -a**3 + 8*a**2 - a + 4. Let f be g(8). Let p(s) = s**3 + 5*s**2 - 5*s - 9. What is the units digit of p(f)?
7
Let q(o) = 2*o**2 - 35*o - 3. What is the tens digit of q(22)?
9
Suppose 5*s - 4*s - 4 = 0. Suppose 0 = s*d + 54 + 102. What is the units digit of (-474)/d - 4/26?
2
Let o(k) = -4*k - 12 - 9*k**2 + 2 - k**3 - 5*k. Let a be o(-8). What is the tens digit of (-31)/(-3) - a/(-6)?
1
Suppose -227 = -4*f + 5*b, -3*b + 129 = 5*f - 127. What is the units digit of f?
3
Let j = 58 + -11. What is the units digit of j?
7
Let o = -917 + 1319. What is the hundreds digit of o?
4
Let g(q) = q**3 + 6*q**2 - 7*q - 6. Let c be g(-6). Suppose 6*o - 2*o = c. What is the units digit of o?
9
Suppose -5*l = -5 - 10. Suppose -b + 20 = l*b. What is the units digit of b?
5
What is the units digit of ((-30)/(-24))/((-2)/(-24))?
5
Let c = 58 - 34. Let o = -11 + c. What is the tens digit of o?
1
Let x = 22 + 12. What is the units digit of x?
4
Let q be ((-1)/(-2))/((-5)/90). Let j = -8 - q. What is the units digit of j?
1
Suppose -5 = -d - j, -5*d + 3*j = -6 - 59. Let o be 5*(42/d - 3). Suppose -4*c - 30 = -o*c. What is the units digit of c?
5
Let k(y) = -y**2 - 21*y + 15. What is the tens digit of k(-10)?
2
